eatest common factor of 416 and 702?
26
What is the greatest common factor of 14042 and 102?
34
Calculate the highest common divisor of 2217873 and 21.
21
Calculate the greatest common factor of 903 and 99029.
301
What is the highest common factor of 871 and 20371?
13
What is the greatest common divisor of 23 and 1419882?
23
Calculate the greatest common factor of 40167 and 36.
9
What is the greatest common factor of 2196 and 5076?
36
What is the highest common divisor of 320 and 188416?
64
Calculate the highest common factor of 2808 and 121524.
156
What is the highest common divisor of 4361 and 36757?
623
Calculate the highest common divisor of 4590 and 150.
30
Calculate the greatest common divisor of 3776 and 649.
59
Calculate the greatest common factor of 3020329 and 104.
13
What is the highest common factor of 8904 and 5432?
56
What is the greatest common factor of 645 and 20835?
15
Calculate the highest common divisor of 3312 and 198.
18
What is the highest common factor of 113510 and 90?
10
What is the greatest common divisor of 32 and 21272?
8
Calculate the highest common factor of 9 and 105309.
9
Calculate the highest common factor of 168 and 237216.
168
What is the highest common divisor of 3190 and 16775?
55
Calculate the greatest common divisor of 127456 and 1568.
224
What is the highest common divisor of 1482 and 2808?
78
What is the highest common factor of 82 and 5213314?
82
What is the greatest common factor of 722601 and 11583?
891
What is the greatest common factor of 24 and 2601000?
24
Calculate the highest common divisor of 28 and 7028.
28
Calculate the highest common divisor of 257822 and 68.
34
What is the highest common divisor of 35174 and 774?
86
What is the highest common divisor of 6190 and 80?
10
Calculate the highest common divisor of 275 and 8503.
11
What is the greatest common factor of 1486308 and 348?
348
Calculate the highest common divisor of 713 and 41768.
23
What is the greatest common factor of 120 and 2328?
24
Calculate the greatest common divisor of 64 and 64352.
32
What is the highest common divisor of 3501 and 99?
9
Calculate the highest common factor of 31165 and 542.
271
What is the highest common divisor of 270200 and 13300?
700
Calculate the greatest common factor of 128 and 892224.
64
What is the greatest common divisor of 1887 and 682635?
51
Calculate the highest common divisor of 3 and 243921.
3
Calculate the highest common divisor of 185564 and 230.
46
Calculate the greatest common divisor of 275 and 346500.
275
Calculate the highest common factor of 4 and 583950.
2
Calculate the highest common factor of 2576 and 4256.
112
What is the greatest common factor of 228 and 5285724?
228
What is the greatest common factor of 1167730 and 34?
34
Calculate the greatest common factor of 516 and 742352.
172
Calculate the greatest common divisor of 799 and 40834.
17
What is the greatest common divisor of 998568 and 18?
18
What is the highest common divisor of 1444 and 21?
1
Calculate the highest common divisor of 25103 and 26.
13
What is the greatest common factor of 288 and 2288736?
288
Calculate the highest common factor of 1927 and 5945.
41
Calculate the highest common divisor of 27 and 189408.
3
Calculate the greatest common factor of 221125 and 183.
61
Calculate the greatest common divisor of 1965592 and 1108.
1108
What is the highest common divisor of 1564 and 4896?
68
Calculate the highest common factor of 228 and 5757.
57
Calculate the highest common divisor of 3764 and 32.
4
Calculate the greatest common factor of 65337 and 17273.
751
What is the greatest common divisor of 3004 and 8?
4
Calculate the highest common divisor of 45510 and 35520.
1110
Calculate the greatest common factor of 882 and 13839.
21
Calculate the greatest common divisor of 2297810 and 30.
10
What is the greatest common divisor of 15 and 532365?
15
What is the highest common factor of 2114 and 139874?
14
Calculate the greatest common factor of 16 and 15790.
2
Calculate the highest common divisor of 165177 and 9.
9
What is the highest common factor of 604854 and 23?
23
Calculate the greatest common factor of 1023899 and 31.
31
What is the greatest common divisor of 56 and 283192?
56
What is the greatest common divisor of 4165 and 30?
5
What is the highest common factor of 137729 and 86?
43
What is the greatest common divisor of 82838 and 4270?
854
What is the highest common factor of 1462 and 179520?
34
What is the highest common factor of 535928 and 1240?
248
Calculate the greatest common factor of 641509 and 319.
319
What is the greatest common factor of 987 and 19317?
141
What is the greatest common divisor of 550 and 58150?
50
What is the highest common factor of 5896 and 64320?
536
Calculate the greatest common divisor of 131035 and 219.
73
What is the highest common divisor of 7946 and 1781?
137
What is the highest common factor of 3298482 and 33?
33
Calculate the highest common factor of 3186 and 1121.
59
What is the highest common factor of 42396 and 60?
12
What is the greatest common factor of 735 and 103470?
15
Calculate the greatest common factor of 464 and 893548.
116
Calculate the greatest common divisor of 127107 and 4176.
261
Calculate the highest common divisor of 201 and 69.
3
Calculate the highest common factor of 66512 and 16.
16
Calculate the greatest common factor of 4 and 185404.
4
Calculate the highest common factor of 204 and 1496.
68
Calculate the highest common factor of 84 and 2625.
21
Calculate the highest common factor of 139935 and 57.
57
Calculate the greatest common divisor of 344860 and 860.
860
What is the greatest common factor of 64760 and 45?
5
What is the greatest common divisor of 3560 and 25098?
178
Calculate the greatest common divisor of 7 and 2237438.
7
What is the greatest common divisor of 8947 and 115?
23
What is the greatest common factor of 11403 and 35657?
181
What is the greatest common divisor of 14 and 354389?
7
What is the highest common divisor of 99 and 6292?
11
Calculate the greatest common factor of 1941 and 12.
3
What is the greatest common divisor of 33 and 724867?
11
Calculate the greatest common factor of 16 and 2956.
4
Calculate the highest common divisor of 38 and 110922.
38
Calculate the highest common factor of 1265 and 620609.
253
What is the highest common divisor of 76 and 5113660?
76
Calculate the greatest common factor of 57 and 200108.
19
What is the highest common divisor of 77891 and 146?
73
What is the greatest common factor of 4118 and 240690?
142
What is the greatest common factor of 867 and 191029?
289
Calculate the greatest common factor of 2136 and 389820.
1068
Calculate the highest common factor of 19630 and 1430.
130
What is the highest common divisor of 13801 and 185?
37
What is the greatest common factor of 107456 and 29440?
1472
Calculate the highest common divisor of 35874 and 36.
18
What is the greatest common divisor of 186070 and 92?
46
What is the highest common divisor of 255 and 40785?
15
What is the greatest common factor of 342 and 12794391?
171
What is the highest common factor of 67176 and 432?
216
What is the highest common divisor of 13 and 343733?
13
What is the highest common factor of 3356 and 16?
4
What is the highest common factor of 1588 and 3370133?
397
Calculate the greatest common divisor of 392 and 1014776.
56
Calculate the highest common divisor of 210 and 13755.
105
Calculate the greatest common factor of 588230 and 80.
10
Calculate the greatest common divisor of 3485 and 25.
5
What is the highest common factor of 4 and 1976?
4
Calculate the highest common divisor of 80095 and 1245.
415
Calculate the highest common divisor of 372 and 60822.
186
What is the highest common divisor of 514797 and 9?
3
What is the greatest common divisor of 59 and 118295?
59
What is the greatest common factor of 444 and 6756?
12
Calculate the greatest common divisor of 160 and 29055.
5
What is the highest common factor of 21827 and 46?
23
What is the greatest common divisor of 8211 and 326991?
483
What is the highest common divisor of 18864 and 4344?
24
Calculate the greatest common factor of 39042 and 54.
54
Calculate the greatest common factor of 94360 and 81554.
674
Calculate the greatest common factor of 371 and 2422.
7
Calculate the g